[INFO] cloning repository https://github.com/vishusandy/blogr
[INFO] running `Command { std: "git" "-c" "credential.helper=" "-c" "credential.helper=/workspace/cargo-home/bin/git-credential-null" "clone" "--bare" "https://github.com/vishusandy/blogr" "/workspace/cache/git-repos/https%3A%2F%2Fgithub.com%2Fvishusandy%2Fblogr", kill_on_drop: false }`
[INFO] [stderr] Cloning into bare repository '/workspace/cache/git-repos/https%3A%2F%2Fgithub.com%2Fvishusandy%2Fblogr'...
[INFO] running `Command { std: "git" "rev-parse" "HEAD", kill_on_drop: false }`
[INFO] [stdout] 7258f90a1854f8d026bf3f964987eda127d5fab8
[INFO] building vishusandy/blogr against master#881c1ac408d93bb7adaa3a51dabab9266e82eee8 for issue-85264
[INFO] running `Command { std: "git" "clone" "/workspace/cache/git-repos/https%3A%2F%2Fgithub.com%2Fvishusandy%2Fblogr" "/workspace/builds/worker-0/source", kill_on_drop: false }`
[INFO] [stderr] Cloning into '/workspace/builds/worker-0/source'...
[INFO] [stderr] done.
[INFO] validating manifest of git repo https://github.com/vishusandy/blogr on toolchain 881c1ac408d93bb7adaa3a51dabab9266e82eee8
[INFO] running `Command { std: "/workspace/cargo-home/bin/cargo" "+881c1ac408d93bb7adaa3a51dabab9266e82eee8" "metadata" "--manifest-path" "Cargo.toml" "--no-deps", kill_on_drop: false }`
[INFO] started tweaking git repo https://github.com/vishusandy/blogr
[INFO] finished tweaking git repo https://github.com/vishusandy/blogr
[INFO] tweaked toml for git repo https://github.com/vishusandy/blogr written to /workspace/builds/worker-0/source/Cargo.toml
[INFO] crate git repo https://github.com/vishusandy/blogr already has a lockfile, it will not be regenerated
[INFO] running `Command { std: "/workspace/cargo-home/bin/cargo" "+881c1ac408d93bb7adaa3a51dabab9266e82eee8" "fetch" "--manifest-path" "Cargo.toml", kill_on_drop: false }`
[INFO] [stderr]  Downloading crates ...
[INFO] [stderr]   Downloaded unic-utils v0.6.0
[INFO] [stderr]   Downloaded unic-ucd-normal v0.6.0
[INFO] [stderr]   Downloaded unic-ucd-core v0.6.0
[INFO] [stderr]   Downloaded unic-ucd-bidi v0.6.0
[INFO] [stderr]   Downloaded unic-ucd-case v0.6.0
[INFO] [stderr]   Downloaded unic-ucd-age v0.6.0
[INFO] [stderr]   Downloaded rocket-auth-login v0.2.3
[INFO] [stderr]   Downloaded parking_lot v0.3.8
[INFO] [stderr]   Downloaded unic-char-range v0.6.0
[INFO] [stderr]   Downloaded unic-ucd-category v0.6.0
[INFO] [stderr]   Downloaded adler32 v0.2.0
[INFO] [stderr]   Downloaded rss v1.5.0
[INFO] [stderr]   Downloaded comrak v0.2.14
[INFO] [stderr]   Downloaded evmap v2.0.2
[INFO] [stderr]   Downloaded zopfli v0.3.7
[INFO] [stderr]   Downloaded typed-arena v1.4.1
[INFO] [stderr]   Downloaded quick-xml v0.12.1
[INFO] [stderr]   Downloaded pulldown-cmark v0.0.11
[INFO] [stderr]   Downloaded titlecase v0.10.0
[INFO] [stderr]   Downloaded unic-ucd v0.6.0
[INFO] [stderr]   Downloaded handlebars v0.29.1
[INFO] [stderr]   Downloaded brotli v1.2.0
[INFO] [stderr]   Downloaded brotli-decompressor v1.2.1
[INFO] [stderr]   Downloaded chashmap v2.2.0
[INFO] [stderr]   Downloaded unic-char-property v0.6.0
[INFO] [stderr]   Downloaded unic-ucd-name v0.6.0
[INFO] [stderr]   Downloaded owning_ref v0.2.4
[INFO] running `Command { std: "docker" "create" "-v" "/var/lib/crater-agent-workspace/builds/worker-0/target:/opt/rustwide/target:rw,Z" "-v" "/var/lib/crater-agent-workspace/builds/worker-0/source:/opt/rustwide/workdir:ro,Z" "-v" "/var/lib/crater-agent-workspace/cargo-home:/opt/rustwide/cargo-home:ro,Z" "-v" "/var/lib/crater-agent-workspace/rustup-home:/opt/rustwide/rustup-home:ro,Z" "-e" "SOURCE_DIR=/opt/rustwide/workdir" "-e" "CARGO_TARGET_DIR=/opt/rustwide/target" "-e" "CARGO_HOME=/opt/rustwide/cargo-home" "-e" "RUSTUP_HOME=/opt/rustwide/rustup-home" "-w" "/opt/rustwide/workdir" "-m" "1610612736" "--user" "0:0" "--network" "none" "ghcr.io/rust-lang/crates-build-env/linux@sha256:20528e8c29e4536546f0102ce88568b16ea7538393a33fcca951030f7af10457" "/opt/rustwide/cargo-home/bin/cargo" "+881c1ac408d93bb7adaa3a51dabab9266e82eee8" "metadata" "--no-deps" "--format-version=1", kill_on_drop: false }`
[INFO] [stdout] c2d13c8eb402402e5e2dbcb93e6861209a079e8afb229f23c5bdd0d9cc247f43
[INFO] [stderr] WARNING: Your kernel does not support swap limit capabilities or the cgroup is not mounted. Memory limited without swap.
[INFO] running `Command { std: "docker" "start" "-a" "c2d13c8eb402402e5e2dbcb93e6861209a079e8afb229f23c5bdd0d9cc247f43", kill_on_drop: false }`
[INFO] running `Command { std: "docker" "inspect" "c2d13c8eb402402e5e2dbcb93e6861209a079e8afb229f23c5bdd0d9cc247f43", kill_on_drop: false }`
[INFO] running `Command { std: "docker" "rm" "-f" "c2d13c8eb402402e5e2dbcb93e6861209a079e8afb229f23c5bdd0d9cc247f43", kill_on_drop: false }`
[INFO] [stdout] c2d13c8eb402402e5e2dbcb93e6861209a079e8afb229f23c5bdd0d9cc247f43
[INFO] running `Command { std: "docker" "create" "-v" "/var/lib/crater-agent-workspace/builds/worker-0/target:/opt/rustwide/target:rw,Z" "-v" "/var/lib/crater-agent-workspace/builds/worker-0/source:/opt/rustwide/workdir:ro,Z" "-v" "/var/lib/crater-agent-workspace/cargo-home:/opt/rustwide/cargo-home:ro,Z" "-v" "/var/lib/crater-agent-workspace/rustup-home:/opt/rustwide/rustup-home:ro,Z" "-e" "SOURCE_DIR=/opt/rustwide/workdir" "-e" "CARGO_TARGET_DIR=/opt/rustwide/target" "-e" "CARGO_INCREMENTAL=0" "-e" "RUST_BACKTRACE=full" "-e" "RUSTFLAGS=--cap-lints=forbid" "-e" "CARGO_HOME=/opt/rustwide/cargo-home" "-e" "RUSTUP_HOME=/opt/rustwide/rustup-home" "-w" "/opt/rustwide/workdir" "-m" "1610612736" "--user" "0:0" "--network" "none" "ghcr.io/rust-lang/crates-build-env/linux@sha256:20528e8c29e4536546f0102ce88568b16ea7538393a33fcca951030f7af10457" "/opt/rustwide/cargo-home/bin/cargo" "+881c1ac408d93bb7adaa3a51dabab9266e82eee8" "build" "--frozen" "--message-format=json", kill_on_drop: false }`
[INFO] [stdout] 7a61612e16b9a6352eb4cbb5f26a1488f05c037ea326862e1b72af577aa5877c
[INFO] [stderr] WARNING: Your kernel does not support swap limit capabilities or the cgroup is not mounted. Memory limited without swap.
[INFO] running `Command { std: "docker" "start" "-a" "7a61612e16b9a6352eb4cbb5f26a1488f05c037ea326862e1b72af577aa5877c", kill_on_drop: false }`
[INFO] [stderr]    Compiling libc v0.2.42
[INFO] [stderr]    Compiling cfg-if v0.1.4
[INFO] [stderr]    Compiling lazy_static v1.0.2
[INFO] [stderr]    Compiling matches v0.1.7
[INFO] [stderr]    Compiling byteorder v1.2.4
[INFO] [stderr]    Compiling version_check v0.1.4
[INFO] [stderr]    Compiling nodrop v0.1.12
[INFO] [stderr]    Compiling serde v1.0.70
[INFO] [stderr]    Compiling typenum v1.10.0
[INFO] [stderr]    Compiling yansi v0.4.0
[INFO] [stderr]    Compiling num-traits v0.2.5
[INFO] [stderr]    Compiling unic-char-range v0.6.0
[INFO] [stderr]    Compiling lazy_static v0.2.11
[INFO] [stderr]    Compiling cc v1.0.18
[INFO] [stderr]    Compiling gcc v0.3.54
[INFO] [stderr]    Compiling unic-ucd-core v0.6.0
[INFO] [stderr]    Compiling httparse v1.3.2
[INFO] [stderr]    Compiling untrusted v0.5.1
[INFO] [stderr]    Compiling byte-tools v0.2.0
[INFO] [stderr]    Compiling arrayref v0.3.4
[INFO] [stderr]    Compiling rustc-demangle v0.1.9
[INFO] [stderr]    Compiling build_const v0.2.1
[INFO] [stderr]    Compiling md5 v0.3.7
[INFO] [stderr]    Compiling pear v0.0.19
[INFO] [stderr]    Compiling ordermap v0.2.13
[INFO] [stderr]    Compiling fallible-iterator v0.1.5
[INFO] [stderr]    Compiling state v0.4.1
[INFO] [stderr]    Compiling itoa v0.4.2
[INFO] [stderr]    Compiling antidote v1.0.0
[INFO] [stderr]    Compiling regex v1.0.2
[INFO] [stderr]    Compiling pest v0.3.3
[INFO] [stderr]    Compiling alloc-no-stdlib v1.2.0
[INFO] [stderr]    Compiling owning_ref v0.2.4
[INFO] [stderr]    Compiling pulldown-cmark v0.0.11
[INFO] [stderr]    Compiling unchecked-index v0.2.2
[INFO] [stderr]    Compiling typed-arena v1.4.1
[INFO] [stderr]    Compiling pest v1.0.6
[INFO] [stderr]    Compiling bitflags v1.0.3
[INFO] [stderr]    Compiling unicode_categories v0.1.1
[INFO] [stderr]    Compiling adler32 v0.2.0
[INFO] [stderr]    Compiling byteorder v0.5.3
[INFO] [stderr]    Compiling entities v1.0.1
[INFO] [stderr]    Compiling pipeline v0.5.0
[INFO] [stderr]    Compiling htmlescape v0.3.1
[INFO] [stderr]    Compiling bitflags v0.8.2
[INFO] [stderr]    Compiling adler32 v1.0.3
[INFO] [stderr]    Compiling urlencoding v1.0.0
[INFO] [stderr]    Compiling evmap v2.0.2
[INFO] [stderr]    Compiling phf_shared v0.7.21
[INFO] [stderr]    Compiling proc-macro2 v0.4.9
[INFO] [stderr]    Compiling log v0.4.3
[INFO] [stderr]    Compiling crossbeam-utils v0.2.2
[INFO] [stderr]    Compiling encoding_rs v0.7.2
[INFO] [stderr]    Compiling arrayvec v0.4.7
[INFO] [stderr]    Compiling unicode-bidi v0.3.4
[INFO] [stderr]    Compiling base64 v0.6.0
[INFO] [stderr]    Compiling base64 v0.9.2
[INFO] [stderr]    Compiling scheduled-thread-pool v0.1.0
[INFO] [stderr]    Compiling block-buffer v0.3.3
[INFO] [stderr]    Compiling yaml-rust v0.4.0
[INFO] [stderr]    Compiling brotli-decompressor v1.2.1
[INFO] [stderr]    Compiling unic-utils v0.6.0
[INFO] [stderr]    Compiling smallvec v0.6.3
[INFO] [stderr]    Compiling thread_local v0.3.5
[INFO] [stderr]    Compiling syn v0.11.11
[INFO] [stderr]    Compiling lock_api v0.1.3
[INFO] [stderr]    Compiling crc v1.8.1
[INFO] [stderr]    Compiling phf v0.7.21
[INFO] [stderr]    Compiling memchr v2.0.1
[INFO] [stderr]    Compiling num_cpus v1.8.0
[INFO] [stderr]    Compiling time v0.1.40
[INFO] [stderr]    Compiling rand v0.4.2
[INFO] [stderr]    Compiling memchr v0.1.11
[INFO] [stderr]    Compiling iovec v0.1.2
[INFO] [stderr]    Compiling isatty v0.1.8
[INFO] [stdout] error[E0658]: trait bounds other than `Sized` on const fn parameters are unstable
[INFO] [stdout]   --> /opt/rustwide/cargo-home/registry/src/github.com-1ecc6299db9ec823/lock_api-0.1.3/src/mutex.rs:99:6
[INFO] [stdout]    |
[INFO] [stdout] 99 | impl<R: RawMutex, T> Mutex<R, T> {
[INFO] [stdout]    |      ^
[INFO] [stdout]    |
[INFO] [stdout]    = note: see issue #57563 <https://github.com/rust-lang/rust/issues/57563> for more information
[INFO] [stdout]    = help: add `#![feature(const_fn_trait_bound)]` to the crate attributes to enable
[INFO] [stdout] 
[INFO] [stdout] 
[INFO] [stdout] error[E0658]: trait bounds other than `Sized` on const fn parameters are unstable
[INFO] [stdout]    --> /opt/rustwide/cargo-home/registry/src/github.com-1ecc6299db9ec823/lock_api-0.1.3/src/remutex.rs:150:6
[INFO] [stdout]     |
[INFO] [stdout] 150 | impl<R: RawMutex, G: GetThreadId, T> ReentrantMutex<R, G, T> {
[INFO] [stdout]     |      ^
[INFO] [stdout]     |
[INFO] [stdout]     = note: see issue #57563 <https://github.com/rust-lang/rust/issues/57563> for more information
[INFO] [stdout]     = help: add `#![feature(const_fn_trait_bound)]` to the crate attributes to enable
[INFO] [stdout] 
[INFO] [stdout] 
[INFO] [stdout] error[E0658]: trait bounds other than `Sized` on const fn parameters are unstable
[INFO] [stdout]    --> /opt/rustwide/cargo-home/registry/src/github.com-1ecc6299db9ec823/lock_api-0.1.3/src/remutex.rs:150:19
[INFO] [stdout]     |
[INFO] [stdout] 150 | impl<R: RawMutex, G: GetThreadId, T> ReentrantMutex<R, G, T> {
[INFO] [stdout]     |                   ^
[INFO] [stdout]     |
[INFO] [stdout]     = note: see issue #57563 <https://github.com/rust-lang/rust/issues/57563> for more information
[INFO] [stdout]     = help: add `#![feature(const_fn_trait_bound)]` to the crate attributes to enable
[INFO] [stdout] 
[INFO] [stdout] 
[INFO] [stdout] error[E0658]: trait bounds other than `Sized` on const fn parameters are unstable
[INFO] [stdout]    --> /opt/rustwide/cargo-home/registry/src/github.com-1ecc6299db9ec823/lock_api-0.1.3/src/rwlock.rs:236:6
[INFO] [stdout]     |
[INFO] [stdout] 236 | impl<R: RawRwLock, T> RwLock<R, T> {
[INFO] [stdout]     |      ^
[INFO] [stdout]     |
[INFO] [stdout]     = note: see issue #57563 <https://github.com/rust-lang/rust/issues/57563> for more information
[INFO] [stdout]     = help: add `#![feature(const_fn_trait_bound)]` to the crate attributes to enable
[INFO] [stdout] 
[INFO] [stdout] 
[INFO] [stdout] error: aborting due to 4 previous errors
[INFO] [stdout] 
[INFO] [stdout] 
[INFO] [stdout] For more information about this error, try `rustc --explain E0658`.
[INFO] [stdout] 
[INFO] [stderr] error: could not compile `lock_api`
[INFO] [stderr] 
[INFO] [stderr] To learn more, run the command again with --verbose.
[INFO] [stderr] warning: build failed, waiting for other jobs to finish...
[INFO] [stderr] error: build failed
[INFO] running `Command { std: "docker" "inspect" "7a61612e16b9a6352eb4cbb5f26a1488f05c037ea326862e1b72af577aa5877c", kill_on_drop: false }`
[INFO] running `Command { std: "docker" "rm" "-f" "7a61612e16b9a6352eb4cbb5f26a1488f05c037ea326862e1b72af577aa5877c", kill_on_drop: false }`
[INFO] [stdout] 7a61612e16b9a6352eb4cbb5f26a1488f05c037ea326862e1b72af577aa5877c
